 55 + -23. Suppose 4*v + y = 140. What is the tens digit of v?
2
Let r be 9*(3 + -6 + 4). Suppose 112 - 12 = 5*x. Suppose -x = -r*u + 5*u. What is the units digit of u?
5
Let f be 7 - 2 - 2 - 0. Suppose -2*k + f*b + 0 + 1 = 0, k + 4*b - 6 = 0. What is the units digit of 664/24 + k/(-3)?
7
Let l be (-6)/(-4) - 1272/(-16). Suppose -a - 363 = -3*n, -3*n + 2*a + 447 = l. What is the hundreds digit of n?
1
Let a = 44 + 59. What is the hundreds digit of a?
1
What is the tens digit of (12/20)/((-4)/(-10))*2830?
4
Let x(v) be the second derivative of v**4/12 - 11*v**3/6 - 5*v. Let u(o) = -o**3 + 6*o**2 + 2*o + 1. Let s be u(6). What is the units digit of x(s)?
6
Suppose 0 = -3*i + v + 2*v + 1155, -2*i + 3*v + 773 = 0. What is the units digit of i?
2
Let d = -356 + 770. What is the tens digit of d?
1
Let k be ((-2)/(-4))/(-2*(-4)/(-112)). Let d = k - -86. What is the tens digit of d?
7
Suppose i - 4 = 2*i + a, -a - 4 = -2*i. Suppose -9*h + 6*h + 309 = i. What is the units digit of h?
3
Suppose 3*r = -2*r - 50. Let s = 14 + r. Suppose -3*d = w - 106, -2*d + s*d - 3*w = 56. What is the units digit of d?
4
Suppose 10*u + 11*u = 16611. What is the tens digit of u?
9
Let f(z) = 8*z**2 - 12*z - 28. What is the tens digit of f(-6)?
3
Let q(z) be the third derivative of -12*z**2 + 1/60*z**5 + 0*z + 7/6*z**3 + 0 - 1/6*z**4. What is the tens digit of q(10)?
6
Let l(f) = f. Let m be l(7). Let o = 11 - m. Suppose y + 193 = o*d, 5*d = -4*y - 34 + 270. What is the units digit of d?
8
Let i be 3/4*1*80. What is the tens digit of 85*(-3)/(i/(-16))?
6
Let n = 1375 - -223. What is the units digit of n?
8
Suppose -2*a + 6 = -n - 0*n, -a = -n - 2. Suppose n*z = 7*z - 260. Suppose 4*p = -5*q + 106, 2*q = -2*p - q + z. What is the tens digit of p?
2
Suppose 7*o + 318 = 10*o. What is the hundreds digit of o?
1
Suppose 0 = -2*g + 3*p + 1391, -g + 0*p + 5*p + 685 = 0. What is the tens digit of g?
0
Suppose -21 = 2*w - 5*i, 2*i = 4*w + 7*i - 33. Suppose -4*v = 3*d - 188, -2*v - w*v - 2*d = -188. Let z = v + -8. What is the tens digit of z?
3
Let i(v) = -v**3 + v**2 - 2*v + 1. Let x be i(1). Let k be ((-216)/(-32))/(x/(-8)). Let w = k + -36. What is the tens digit of w?
1
Suppose 0 = -4*w - 0*w - o + 2961, 1479 = 2*w - o. What is the hundreds digit of w?
7
Let x(o) = 16*o**3 - 5*o**2 - 20*o + 84. What is the tens digit of x(4)?
4
Let n(w) = w**3 + 5*w**2 - w - 3. Let l be n(-4). Let z = 19 - l. What is the units digit of 1*z + (7 - 5)?
4
Let v(u) = 3*u - 54. Let o be v(17). Let y(n) = -46*n + 7. What is the units digit of y(o)?
5
What is the hundreds digit of -1 - 0 - (-102000)/60?
6
Let x(q) = -q**3 + 4*q**2 + 2*q - 4. Let d be x(-2). Let u(t) = t**3 - 15*t**2 - 12*t - 34. What is the tens digit of u(d)?
3
Suppose -5*q + 16 = -z, 3*z + 0*z - 3 = -2*q. Suppose 313 = -l + 3*l + q*i, 611 = 4*l + 3*i. Suppose l = 7*j - 173. What is the units digit of j?
6
Let y = -860 + 2377. What is the tens digit of y?
1
Let z = 146 + -335. Let n = z - -332. What is the units digit of n?
3
Suppose -3*g - 1570 = -2*r, 46*g = 45*g + 2. What is the hundreds digit of r?
7
Let o(i) = 73*i - 358. What is the hundreds digit of o(11)?
4
Suppose 4*j = 5*q - 0*j - 205, -5*j + 12 = q. Let k = 61 - q. What is the tens digit of (-2)/(-8) + 810/k?
3
Let g = 16 - 13. Let h be g + (8/2)/(-2). Let n = 12 - h. What is the tens digit of n?
1
Let i(d) = d**3 + 5*d**2 - 8*d - 8. Let v be i(-6). Suppose -t = -0*s + 3*s - 90, v*s + t - 120 = 0. Suppose -4*w - w + s = 0. What is the units digit of w?
6
Suppose -456 = -5*z + 3*z. Suppose 9*v = -3*v + z. What is the tens digit of v?
1
Suppose 4*o - 3 = 3*o. Suppose 0 = -o*z + 4*z - 42. What is the tens digit of z?
4
Suppose -7*t = -2*t - 2*f - 65, 0 = 4*t + 5*f - 19. Suppose 0 = t*q - 147 - 1998. What is the tens digit of q?
9
Suppose 5*w = -5*h + 620, 2*h - 5*w = 352 - 111. What is the units digit of h?
3
Let n = 18 - 27. Let u = 39 + n. Suppose -3*a - u = -5*a. What is the tens digit of a?
1
Let z(s) = -s**3 - 10*s**2 + 6*s + 3. Let k be z(-14). Suppose 4*m = 3*o + 7 - k, m = -2*o + 475. Suppose -v = -5*v + o. What is the tens digit of v?
5
Let q = 70 + -10. Suppose r - q = 2*l, -2*r - 5*l + 90 = -3*l. Suppose 4*u = 5*h - r, h - u + 40 = 5*h. What is the units digit of h?
0
Let i = -83 - -287. What is the hundreds digit of i?
2
Suppose -6*p + 24 = -2*p. Suppose -f + 60 = -2*w + p*w, 3*w - 2*f = 34. What is the tens digit of w?
1
Suppose 5 = -p + 2*p. Suppose -p*x = -132 - 13. What is the tens digit of x?
2
Let u(l) = -6*l + 25 + 4*l - 4*l - 2*l. What is the tens digit of u(-6)?
7
Let b(q) = -2*q + 28. Let y be 0/(4 - (7 - 1)). What is the units digit of b(y)?
8
Let d(c) = -26*c - 6. Let z be d(-5). Suppose 3*h = z + 71. Suppose 5*o - h = -0*o. What is the units digit of o?
3
Let b(p) = 9*p**2 + 21*p + 59. Let d(c) = -5*c**2 - 11*c - 30. Let z(u) = 3*b(u) + 5*d(u). What is the units digit of z(-7)?
9
Suppose 3*w + 18 = -48. What is the units digit of w/33*486/(-4)?
1
Let w(m) = -4*m + 11. Let q = 35 - 43. What is the tens digit of w(q)?
4
Let s(y) = 3*y - 38. Let h be s(12). What is the units digit of h/(-8) + -4 + 111/4?
4
Let l(i) = 95*i. Let h be l(1). Suppose 4*x - 521 - h = 0. What is the units digit of x?
4
Let g be (-18)/(-21)*(-1 - -22). Let x be (g - -1)/(8 - 7). Let i = -13 + x. What is the units digit of i?
6
Suppose 5*b = 2*x + x + 535, -2*b + 214 = -4*x. Let p = b - -30. What is the tens digit of p?
3
Let i be (10/(-45))/((-2)/18). Suppose -2*f + 92 = i*f. What is the tens digit of f?
2
Let u be -1*(-7 + (-4)/(-1)). Let h be (u/6)/((-2)/(-196)). Suppose 0 = -6*q + 185 + h. What is the tens digit of q?
3
Let q = 23 - 102. Let y = q - -129. What is the units digit of y?
0
Suppose -2*m - n + 57 + 40 = 0, -m + n = -41. Let p = 23 + m. What is the tens digit of p?
6
Let b = -140 - -563. What is the units digit of b?
3
Let z be (-73)/3 - 1/(-3). Let m be (133/(-42))/((-5)/90). Let b = m + z. What is the units digit of b?
3
Let x(q) = -q + 5. Let n be x(-5). Suppose -l = -0 + n. Let z(w) = -3*w - 4. What is the tens digit of z(l)?
2
Let p = 65 + -46. Let s be (-4)/14 + 476/(-49). Let j = s + p. What is the units digit of j?
9
Suppose 5*b = -3*v - 19 - 33, -4*v = 16. Let f = 24 + b. Suppose -3*m = -5*w - 14 - 18, 4*w = -f. What is the units digit of m?
4
Let c = -9 + 5. Suppose d + 0*d + 1 = 3*f, 0 = -3*f + 3*d - 9. What is the units digit of (-50)/c*(f + 0)?
5
Suppose -8*l = -0*l - 144. Let h(j) = j**2 - 14*j - 18. What is the tens digit of h(l)?
5
Let a(k) = -110 + 2*k - 24*k + 108. What is the units digit of a(-4)?
6
Suppose n - 2*i + 11 = -0*i, -5*n = -2*i + 15. Let p be n/5 - 11/(-5). What is the units digit of (-6)/(p/(4/(-3)))?
4
Suppose 38*g - 30*g = -608. Let j = g - -282. What is the hundreds digit of j?
2
Let x(b) = -3 - 3*b**2 + 2 + 31*b**2 + b. Let d = -47 + 46. What is the units digit of x(d)?
6
Suppose 40 = -c + 44. Suppose -284 = -5*z - x, 4*z + c*x = 2*x + 232. What is the units digit of z?
6
Let c(p) = 1082*p**2 - 28*p - 2. What is the thousands digit of c(1)?
1
Suppose 1399 = -6*d + 4069. What is the units digit of d?
5
Suppose 10*b + 112 = 12*b. Let c be b/(-98)*14/(-4). Suppose 2*g - 51 = -2*z - 3*z, 0 = 5*g - c*z - 142. What is the units digit of g?
8
Suppose -5*b + 148 = f + 2*f, 5*b - 5*f - 180 = 0. What is the tens digit of 30/(-2)*b/(-20)?
2
Suppose 2*t - 7 = -2*x + 1, 4*x - 6 = t. What is the units digit of (1 - x) + (3 - 159)/(-1)?
5
What is the thousands digit of ((-8)/((-240)/(-19030)))/((-1)/3)?
1
Suppose -3 - 3 = -2*p. Suppose -z - 3*h = -78, 5*h + 20 + 270 = p*z. What is the tens digit of z?
9
Let q = 1072 + 100. What is the hundreds digit of q?
1
Let r(n) = n**3 + 3*n**2 + 5*n + 4. Let k be r(-2). Let z(y) = -11*y**3 + 4*y**2 + 6*y + 6. What is the units digit of z(k)?
8
Let o(l) = l**2 + 22*l - 52. Let n be o(-24). What is the units digit of -2*((-28)/(-8) + n)?
1
What is the units digit of (-4)/8 - (1703/(-2) + -2)?
3
Let f(u) = -u**2 - u - 1. Let b(t) = -t**2 + 8*t + 7. Let y(s) = -b(s) - f(s). Let j be y(6). Suppose 2*p = -2*p + j. What is the units digit of p?
6
What is the units digit of -3 + 2 - (-487 + -1)?
7
Let m(w) be the first derivative of 1/3*w**3 - 14*w + 5/2*w**2 + 12. What is the tens digit of m(-11)?
5
Suppose